{"id":71,"date":"2023-02-06T18:54:10","date_gmt":"2023-02-06T18:54:10","guid":{"rendered":"https:\/\/smartrafo.tecnico.ulisboa.pt\/?page_id=71"},"modified":"2023-02-07T17:55:35","modified_gmt":"2023-02-07T17:55:35","slug":"publications","status":"publish","type":"page","link":"https:\/\/smartrafo.tecnico.ulisboa.pt\/?page_id=71","title":{"rendered":"Publications"},"content":{"rendered":"\n<h1>Journal Papers<\/h1>\n\n\n\n<ul>\n<li>Costa, P.; Pinto, S.; Silva, J.F. A Novel Analytical Formulation of SiC-MOSFET Losses to Size High-Efficiency Three-Phase Inverters. <em>Energies<\/em> 2023, <em>16<\/em>, 818. <a href=\"https:\/\/doi.org\/10.3390\/en16020818\">https:\/\/doi.org\/10.3390\/en16020818<\/a><\/li>\n<\/ul>\n\n\n\n<ul>\n<li>Lijun Zhang,&nbsp;Alexandre Bento,&nbsp;Guilherme Para\u00edso,&nbsp;Pedro Costa,&nbsp;S\u00f3nia Ferreira Pinto,&nbsp;Jos\u00e9 Fernando Silva,&nbsp;Fei Wang, &#8220;Multiple modularity topology for smart transformers based on matrix converters,&#8221; IET Eletric Power Aplicattions, Volume 16, Issue 8. <a href=\"https:\/\/doi.org\/10.1049\/elp2.12200\">https:\/\/doi.org\/10.1049\/elp2.12200<\/a><\/li>\n<\/ul>\n\n\n\n<ul>\n<li>Sh. Javadi, A. Bento, P. Costa, G. Para\u00edso, Z. Lijun, S. Pinto, J.F. Silva, &#8220;Grid current unbalance compensation using a fuzzy controlled smart transformer,&#8221; Electric Power Systems Research, Volume 209, 2022, 108041, ISSN 0378-7796, <a href=\"https:\/\/doi.org\/10.1016\/j.epsr.2022.108041\">https:\/\/doi.org\/10.1016\/j.epsr.2022.108041<\/a>.<\/li>\n<\/ul>\n\n\n\n<ul>\n<li>Pedro Costa, Guilherme Para\u00edso, Sonia Ferreira Pinto, Jos\u00e9 Fernando Silva, &#8220;A four-leg matrix converter based hybrid distribution transformer for smart and resilient grids,&#8221; Electric Power Systems Research, Volume 203, 2022, 107650, ISSN 0378-7796, <a href=\"https:\/\/doi.org\/10.1016\/j.epsr.2021.107650\">https:\/\/doi.org\/10.1016\/j.epsr.2021.107650<\/a>.<\/li>\n<\/ul>\n\n\n\n<ul>\n<li>Bento, A.; Para\u00edso, G.; Costa, P.; Zhang, L.; Geury, T.; Pinto, S.F.; Silva, J.F. On the Potential Contributions of Matrix Converters for the Future Grid Operation, Sustainable Transportation and Electrical Drives Innovation. <em>Appl. Sci.<\/em> 2021, <em>11<\/em>, 4597. <a href=\"https:\/\/doi.org\/10.3390\/app11104597\">https:\/\/doi.org\/10.3390\/app11104597<\/a>.<\/li>\n<\/ul>\n\n\n\n<ul>\n<li>Youssef, E.; Costa, P.B.C.; Pinto, S.F.; Amin, A.; El Samahy, A.A. Direct Power Control of a Single Stage Current Source Inverter Grid-Tied PV System. <em>Energies<\/em> 2020, <em>13<\/em>, 3165. <a href=\"https:\/\/doi.org\/10.3390\/en13123165\">https:\/\/doi.org\/10.3390\/en13123165<\/a>.<\/li>\n<\/ul>\n\n\n\n<ul>\n<li>Geury, T.; Pinto, S.F.; Gyselinck, J.; Wheeler, P. Indirect Matrix Converter-Based Grid-Tied Photovoltaics System for Smart Grids. <em>Energies<\/em> 2020, <em>13<\/em>, 5405. <a href=\"https:\/\/doi.org\/10.3390\/en13205405\">https:\/\/doi.org\/10.3390\/en13205405<\/a>.<\/li>\n<\/ul>\n\n\n\n<h1>International Conference Papers<\/h1>\n\n\n\n<ul>\n<li>G. M. Para\u00edso, S. Ferreira Pinto, S. Javadi and J. F. Silva, &#8220;Non-linear Controllers for Power Quality Improvement using Solid State Transformers in smart grids,&#8221; <em>IECON 2022 \u2013 48th Annual Conference of the IEEE Industrial Electronics Society<\/em>, Brussels, Belgium, 2022, pp. 1-6, doi: <a href=\"https:\/\/ieeexplore.ieee.org\/document\/9968825\" data-type=\"URL\" data-id=\"https:\/\/ieeexplore.ieee.org\/document\/9968825\">10.1109\/IECON49645.2022.9968825<\/a>.<\/li>\n<\/ul>\n\n\n\n<ul>\n<li>P. Costa, S. F. Pinto and J. F. Silva, &#8220;Multi-objective optimization of high order input filters for grid connected converters using Genetic Algorithms,&#8221; <em>IECON 2022 \u2013 48th Annual Conference of the IEEE Industrial Electronics Society<\/em>, Brussels, Belgium, 2022, pp. 1-6, doi: <a href=\"https:\/\/ieeexplore.ieee.org\/document\/9968881\" data-type=\"URL\" data-id=\"https:\/\/ieeexplore.ieee.org\/document\/9968881\">10.1109\/IECON49645.2022.9968881<\/a>.<\/li>\n<\/ul>\n\n\n\n<ul>\n<li>L. Zhang, A. Bento, G. Para\u00edso, P. Costa, S. Pinto and J. F. Silva, &#8220;Novel Topology of Modular-Matrix-Converter-Based Smart Transformer for Hybrid Microgrid,&#8221; <em>IECON 2021 \u2013 47th Annual Conference of the IEEE Industrial Electronics Society<\/em>, Toronto, ON, Canada, 2021, pp. 1-6, doi: <a href=\"https:\/\/ieeexplore.ieee.org\/document\/9589057\" data-type=\"URL\" data-id=\"https:\/\/ieeexplore.ieee.org\/document\/9589057\">10.1109\/IECON48115.2021.9589057<\/a>.<\/li>\n<\/ul>\n\n\n\n<ul>\n<li>P. Costa, S. F. Pinto and J. F. Silva, &#8220;Breadth-First Search Leakage Tolerant Commutation Method for Matrix Converters in Three-Phase Solid State Transformers,&#8221; <em>IECON 2021 \u2013 47th Annual Conference of the IEEE Industrial Electronics Society<\/em>, Toronto, ON, Canada, 2021, pp. 1-6, doi: <a href=\"https:\/\/ieeexplore.ieee.org\/document\/9589637\" data-type=\"URL\" data-id=\"https:\/\/ieeexplore.ieee.org\/document\/9589637\">10.1109\/IECON48115.2021.9589637<\/a>.<\/li>\n<\/ul>\n\n\n\n<ul>\n<li>A. Pimenta, P. B. C. Costa, G. M. Para\u00edso, S. F. Pinto and J. F. Silva, &#8220;Active Voltage Regulation Transformer for AC Microgrids,&#8221; <em>2020 IEEE 9th International Power Electronics and Motion Control Conference (IPEMC2020-ECCE Asia)<\/em>, Nanjing, China, 2020, pp. 2012-2017, doi: <a href=\"https:\/\/ieeexplore.ieee.org\/document\/9367821\" data-type=\"URL\" data-id=\"https:\/\/ieeexplore.ieee.org\/document\/9367821\">10.1109\/IPEMC-ECCEAsia48364.2020.9367821<\/a>.<\/li>\n<\/ul>\n\n\n\n<ul>\n<li>E. Youssef, S. F. Pinto, A. Amin and A. el Samahy, &#8220;Multi-Terminal Matrix Converters as Enablers for Compact Battery Management Systems,&#8221; <em>IECON 2019 &#8211; 45th Annual Conference of the IEEE Industrial Electronics Society<\/em>, Lisbon, Portugal, 2019, pp. 1874-1879, doi: <a href=\"https:\/\/ieeexplore.ieee.org\/abstract\/document\/8926823\" data-type=\"URL\" data-id=\"https:\/\/ieeexplore.ieee.org\/abstract\/document\/8926823\">10.1109\/IECON.2019.8926823<\/a>.<\/li>\n<\/ul>\n\n\n\n<ul>\n<li>G. M. Para\u00edso, S. F. Pinto and J. F. Silva, &#8220;Modelling and nonlinear control of Dual-Active Bridge converters for DC microgrids,&#8221; <em>IECON 2019 &#8211; 45th Annual Conference of the IEEE Industrial Electronics Society<\/em>, Lisbon, Portugal, 2019, pp. 1850-1855, doi: <a href=\"https:\/\/ieeexplore.ieee.org\/abstract\/document\/8927046\" data-type=\"URL\" data-id=\"https:\/\/ieeexplore.ieee.org\/abstract\/document\/8927046\">10.1109\/IECON.2019.8927046<\/a>.<\/li>\n<\/ul>\n\n\n\n<ul>\n<li>P. B. C. Costa, J. F. Silva and S. F. Pinto, &#8220;Experimental evaluation of SiC MOSFET and GaN HEMT losses in inverter operation,&#8221; <em>IECON 2019 &#8211; 45th Annual Conference of the IEEE Industrial Electronics Society<\/em>, Lisbon, Portugal, 2019, pp. 6595-6600, doi: <a href=\"https:\/\/ieeexplore.ieee.org\/document\/8926671\" data-type=\"URL\" data-id=\"https:\/\/ieeexplore.ieee.org\/document\/8926671\">10.1109\/IECON.2019.8926671<\/a>.<\/li>\n<\/ul>\n\n\n\n<ul>\n<li>A. Bento, R. Lu\u00eds, S. Pinto and J. F. Silva, &#8220;A Novel Multilevel T-Type Indirect Matrix Converter for Three-phase Open-end AC Loads,&#8221; <em>IECON 2019 &#8211; 45th Annual Conference of the IEEE Industrial Electronics Society<\/em>, Lisbon, Portugal, 2019, pp. 6575-6580, doi: <a href=\"https:\/\/ieeexplore.ieee.org\/document\/8927541\" data-type=\"URL\" data-id=\"https:\/\/ieeexplore.ieee.org\/document\/8927541\">10.1109\/IECON.2019.8927541<\/a>.<\/li>\n<\/ul>\n\n\n\n<h1>National Conference Papers<\/h1>\n\n\n\n<ul>\n<li>Pedro B. C. Costa, J. Fernando Silva, S\u00f3nia F. Pinto, &#8220;Wideband Gap Semiconductors Inverter Losses, an Experimental Approach,&#8221; Encontro Ci\u00eancia 2019<\/li>\n<\/ul>\n\n\n\n<ul>\n<li>Guilherme Para\u00edso, S\u00f3nia Pinto, J. Fernando Silva, &#8220;Design of a Non-linear Controller for Low Voltage DC Residential Grids,&#8221; Encontro Ci\u00eancia 2019<\/li>\n<\/ul>\n\n\n\n<ul>\n<li>Alexandre Bento, Ricardo Lu\u00eds, S\u00f3nia Pinto, J. Fernando Silva, &#8220;Multilevel T-Type Indirect Matrix Converter for Open-end Winding Load,&#8221; Encontro Ci\u00eancia 2019<\/li>\n<\/ul>\n\n\n\n<h1>PhD Thesis<\/h1>\n\n\n\n<ul>\n<li><a href=\"https:\/\/scholar.tecnico.ulisboa.pt\/records\/vKKDqytZ8laFMrKUyx0-m3Bq3bL1wFExBZHT\" target=\"_blank\" rel=\"noreferrer noopener\">Conversores Isolados para Redes Residenciais de Baixa Tens\u00e3o em Corrente Cont\u00ednua<\/a>\n<ul>\n<li>Author: Nelson Filipe Pereira dos Santos<\/li>\n\n\n\n<li>Supervisor: Jos\u00e9 Fernando Alves da Silva<\/li>\n<\/ul>\n<\/li>\n<\/ul>\n\n\n\n<ul>\n<li>Optimal Performance of FACTS to Enhance the Power Quality of Electrical Grid Embedded with Renewable Energy Resources\n<ul>\n<li>Author: Erhab Bakry Hussien Youssef<\/li>\n\n\n\n<li>Supervisors: S\u00f3nia Maria Nunes dos Santos Paulo Ferreira Pinto, Amr Abdel Haliem Amin<\/li>\n<\/ul>\n<\/li>\n<\/ul>\n\n\n\n<h1>MSc Thesis<\/h1>\n\n\n\n<ul>\n<li>Transformador de Alta Frequ\u00eancia para Aplica\u00e7\u00e3o a Transformadores de Estado S\u00f3lido. \n<ul>\n<li>Author: Nuno Polido dos Santos<\/li>\n\n\n\n<li>Supervisors: Paulo Jos\u00e9 Duarte Landeiro Gamb\u00f4a, Miguel Cabral Ferreira Chaves<\/li>\n<\/ul>\n<\/li>\n<\/ul>\n\n\n\n<ul>\n<li><a rel=\"noreferrer noopener\" href=\"https:\/\/repositorio.ipl.pt\/handle\/10400.21\/14228\" target=\"_blank\">Sistemas de Convers\u00e3o MT\/BT de Elevada Frequ\u00eancia para Aplica\u00e7\u00f5es em Sistemas de Carregamento de Ve\u00edculos El\u00e9tricos.<\/a>\n<ul>\n<li>Author: Nuno Filipe Ribeiro Nunes<\/li>\n\n\n\n<li>Supervisors: Miguel Cabral Ferreira Chaves, Paulo Jos\u00e9 Duarte Landeiro Gamb\u00f4a<\/li>\n<\/ul>\n<\/li>\n<\/ul>\n\n\n\n<ul>\n<li><a href=\"https:\/\/repositorio.ipl.pt\/handle\/10400.21\/14227\" target=\"_blank\" rel=\"noreferrer noopener\">Sistemas de Convers\u00e3o MT\/BT de Elevada Frequ\u00eancia para Aplica\u00e7\u00f5es em Sistemas de Armazenamento de Energia.<\/a>\n<ul>\n<li>Author: Hugo Gerson Duarte Silva<\/li>\n\n\n\n<li>Supervisors: Paulo Jos\u00e9 Duarte Landeiro Gamb\u00f4a, Miguel Cabral Ferreira Chaves<\/li>\n<\/ul>\n<\/li>\n<\/ul>\n\n\n\n<ul>\n<li><a href=\"https:\/\/fenix.tecnico.ulisboa.pt\/cursos\/meec\/dissertacao\/1128253548922976\" target=\"_blank\" rel=\"noreferrer noopener\">Design of a Planar Solid State Transformer for DC Grids.<\/a>\n<ul>\n<li>Author: Carolina da Costa Pinheiro de Avillez Pignatelli<\/li>\n\n\n\n<li>Supervisor: S\u00f3nia Maria Nunes dos Santos Paulo Ferreira Pinto<\/li>\n<\/ul>\n<\/li>\n<\/ul>\n\n\n\n<ul>\n<li><a href=\"https:\/\/fenix.tecnico.ulisboa.pt\/cursos\/meec\/dissertacao\/1128253548922241\" target=\"_blank\" rel=\"noreferrer noopener\">Wireless Power Transfer System For Electric Vehicle Charging.<\/a>\n<ul>\n<li>Author: Pedro Miguel Concei\u00e7\u00e3o Lopes<\/li>\n\n\n\n<li>Supervisors: S\u00f3nia Maria Nunes dos Santos Paulo Ferreira Pinto, Pedro Miguel Batista de Sousa Correia da Costa<\/li>\n<\/ul>\n<\/li>\n<\/ul>\n\n\n\n<ul>\n<li><a href=\"https:\/\/fenix.tecnico.ulisboa.pt\/cursos\/meec\/dissertacao\/846778572212485\" target=\"_blank\" rel=\"noreferrer noopener\">Partial power DC-DC converter to integrate PV systems in DC grids.<\/a>\n<ul>\n<li>Author: Jo\u00e3o Maria Cunha Campos<\/li>\n\n\n\n<li>Supervisors: S\u00f3nia Maria Nunes dos Santos Paulo Ferreira Pinto, Guilherme Marto Para\u00edso<\/li>\n<\/ul>\n<\/li>\n<\/ul>\n\n\n\n<ul>\n<li><a href=\"https:\/\/fenix.tecnico.ulisboa.pt\/cursos\/meec\/dissertacao\/1691203502344331\" target=\"_blank\" rel=\"noreferrer noopener\">Impacto dos transformadores inteligentes na rede el\u00e9trica de distribui\u00e7\u00e3o.<\/a>\n<ul>\n<li>Author: Francisco da Gra\u00e7a Gon\u00e7alves<\/li>\n\n\n\n<li>Supervisor: S\u00f3nia Maria Nunes dos Santos Paulo Ferreira Pinto<\/li>\n<\/ul>\n<\/li>\n<\/ul>\n\n\n\n<ul>\n<li><a href=\"https:\/\/fenix.tecnico.ulisboa.pt\/cursos\/meec\/dissertacao\/1972678479055032\" target=\"_blank\" rel=\"noreferrer noopener\">Transformador Inteligente Modular de Est\u00e1gio \u00danico com Barramento DC Integrado.<\/a>\n<ul>\n<li>Author: Diana Margarida da Silva Fonseca<\/li>\n\n\n\n<li>Supervisor: S\u00f3nia Maria Nunes dos Santos Paulo Ferreira Pinto<\/li>\n<\/ul>\n<\/li>\n<\/ul>\n\n\n\n<ul>\n<li><a href=\"https:\/\/fenix.tecnico.ulisboa.pt\/cursos\/meec\/dissertacao\/846778572212600\" target=\"_blank\" rel=\"noreferrer noopener\">Isolated Matrix Converter for Interconnection of Low Voltage AC Grids to DC Grids.<\/a>\n<ul>\n<li>Author: Barbara Miguel Machado Cosme<\/li>\n\n\n\n<li>Supervisors: S\u00f3nia Maria Nunes dos Santos Paulo Ferreira Pinto, Jose Fernando Alves da Silva<\/li>\n<\/ul>\n<\/li>\n<\/ul>\n","protected":false},"excerpt":{"rendered":"<p>Journal Papers International Conference Papers National Conference Papers PhD Thesis MSc Thesis<\/p>\n","protected":false},"author":1,"featured_media":0,"parent":0,"menu_order":0,"comment_status":"closed","ping_status":"closed","template":"","meta":[],"_links":{"self":[{"href":"https:\/\/smartrafo.tecnico.ulisboa.pt\/index.php?rest_route=\/wp\/v2\/pages\/71"}],"collection":[{"href":"https:\/\/smartrafo.tecnico.ulisboa.pt\/index.php?rest_route=\/wp\/v2\/pages"}],"about":[{"href":"https:\/\/smartrafo.tecnico.ulisboa.pt\/index.php?rest_route=\/wp\/v2\/types\/page"}],"author":[{"embeddable":true,"href":"https:\/\/smartrafo.tecnico.ulisboa.pt\/index.php?rest_route=\/wp\/v2\/users\/1"}],"replies":[{"embeddable":true,"href":"https:\/\/smartrafo.tecnico.ulisboa.pt\/index.php?rest_route=%2Fwp%2Fv2%2Fcomments&post=71"}],"version-history":[{"count":8,"href":"https:\/\/smartrafo.tecnico.ulisboa.pt\/index.php?rest_route=\/wp\/v2\/pages\/71\/revisions"}],"predecessor-version":[{"id":149,"href":"https:\/\/smartrafo.tecnico.ulisboa.pt\/index.php?rest_route=\/wp\/v2\/pages\/71\/revisions\/149"}],"wp:attachment":[{"href":"https:\/\/smartrafo.tecnico.ulisboa.pt\/index.php?rest_route=%2Fwp%2Fv2%2Fmedia&parent=71"}],"curies":[{"name":"wp","href":"https:\/\/api.w.org\/{rel}","templated":true}]}}